{"id":18,"date":"2021-04-29T01:59:14","date_gmt":"2021-04-29T04:59:14","guid":{"rendered":"http:\/\/localhost\/customers\/mmci\/ceape-pe\/wordpress\/?page_id=18"},"modified":"2021-04-29T01:59:14","modified_gmt":"2021-04-29T04:59:14","slug":"linha-do-tempo","status":"publish","type":"page","link":"https:\/\/ceape-pe.org.br\/home\/linha-do-tempo\/","title":{"rendered":"Linha do tempo"},"content":{"rendered":"\n<p class=\"has-normal-font-size\"><strong>JULHO 1992<\/strong><br><em>In\u00edcio das atividades do <strong>CEAPE<\/strong> e da parceria com a <strong>ACCION INTERNATIONAL<\/strong><\/em>.<br><br><strong>1993<\/strong><br><em>Abertura do <strong>CEAPE<\/strong> em <strong>Caruaru<\/strong>, com apoio do <strong>SACTS-DED<\/strong> &#8211; Servi\u00e7o Alem\u00e3o de Coopera\u00e7\u00e3o T\u00e9cnica e Social<\/em>.<br><br><strong>1994<\/strong><br><em>In\u00edcio de parceria com o <strong>BID<\/strong> &#8211; Banco Interamericano de Desenvolvimento<\/em>.<br><br><strong>1997<\/strong><br><em>In\u00edcio de parceria com o <strong>BNDES<\/strong><\/em>.<\/p>\n\n\n\n<p><\/p>\n\n\n\n<p><strong>1999<\/strong><br><em>Inaugura\u00e7\u00e3o da sede pr\u00f3pria em <strong>Recife<\/strong><\/em>.<\/p>\n\n\n\n<p><\/p>\n\n\n\n<p><strong>2000<\/strong><br><em>Qualifica\u00e7\u00e3o como <strong>OSCIP<\/strong> pelo <strong>Minist\u00e9rio da Justi\u00e7a<\/strong><\/em>.<\/p>\n\n\n\n<p><\/p>\n\n\n\n<p><strong>2002<\/strong><br><em>Abertura do <strong>CEAPE<\/strong> em <strong>Santa Cruz do Capibaribe<\/strong><\/em>.<\/p>\n\n\n\n<p><\/p>\n\n\n\n<p><strong>2006<\/strong><br><em>Parceria com o <strong>SEBRAE<\/strong> para expans\u00e3o da rede de atendimento<\/em>.<\/p>\n\n\n\n<p><\/p>\n\n\n\n<p><strong>2007<\/strong><br><em>In\u00edcio de Parceria com a <strong>OIKOCREDIT<\/strong><\/em>.<\/p>\n\n\n\n<p><\/p>\n\n\n\n<p><strong>2009<\/strong><br><em>Inaugura\u00e7\u00e3o da sede pr\u00f3pria do <strong>CEAPE<\/strong>, em <strong>Caruaru<\/strong><\/em>.<\/p>\n\n\n\n<p><\/p>\n\n\n\n<p><strong>2016<\/strong><br><em>In\u00edcio de Conv\u00eanio com o <strong>ROTARY e-CLUB 4500<\/strong><\/em>.<\/p>\n\n\n\n<p><\/p>\n\n\n\n<p><strong>2017<\/strong><br><em><strong>CEAPE COMPLETA 25 ANOS DE EXIST\u00caNCIA<\/strong><\/em>.<\/p>\n\n\n\n<p><\/p>\n","protected":false},"excerpt":{"rendered":"<p>JULHO 1992In\u00edcio das atividades do CEAPE e da parceria com a ACCION INTERNATIONAL. 1993Abertura do CEAPE em Caruaru, com apoio do SACTS-DED &#8211; Servi\u00e7o Alem\u00e3o de Coopera\u00e7\u00e3o T\u00e9cnica e Social. 1994In\u00edcio de parceria com o BID &#8211; Banco Interamericano de Desenvolvimento. 1997In\u00edcio de parceria com o BNDES. 1999Inaugura\u00e7\u00e3o da sede pr\u00f3pria em Recife. 2000Qualifica\u00e7\u00e3o como [&hellip;]<\/p>\n","protected":false},"author":1,"featured_media":0,"parent":0,"menu_order":0,"comment_status":"closed","ping_status":"closed","template":"","meta":{"_monsterinsights_skip_tracking":false,"_monsterinsights_sitenote_active":false,"_monsterinsights_sitenote_note":"","_monsterinsights_sitenote_category":0,"footnotes":""},"class_list":["post-18","page","type-page","status-publish","hentry"],"_links":{"self":[{"href":"https:\/\/ceape-pe.org.br\/home\/wp-json\/wp\/v2\/pages\/18","targetHints":{"allow":["GET"]}}],"collection":[{"href":"https:\/\/ceape-pe.org.br\/home\/wp-json\/wp\/v2\/pages"}],"about":[{"href":"https:\/\/ceape-pe.org.br\/home\/wp-json\/wp\/v2\/types\/page"}],"author":[{"embeddable":true,"href":"https:\/\/ceape-pe.org.br\/home\/wp-json\/wp\/v2\/users\/1"}],"replies":[{"embeddable":true,"href":"https:\/\/ceape-pe.org.br\/home\/wp-json\/wp\/v2\/comments?post=18"}],"version-history":[{"count":0,"href":"https:\/\/ceape-pe.org.br\/home\/wp-json\/wp\/v2\/pages\/18\/revisions"}],"wp:attachment":[{"href":"https:\/\/ceape-pe.org.br\/home\/wp-json\/wp\/v2\/media?parent=18"}],"curies":[{"name":"wp","href":"https:\/\/api.w.org\/{rel}","templated":true}]}}