{"id":50,"date":"2021-04-30T22:10:59","date_gmt":"2021-04-30T22:10:59","guid":{"rendered":"http:\/\/ceape-pe.org.br\/home\/?page_id=50"},"modified":"2022-04-08T14:11:57","modified_gmt":"2022-04-08T14:11:57","slug":"a-empresa","status":"publish","type":"page","link":"https:\/\/ceape-pe.org.br\/home\/a-empresa\/","title":{"rendered":"A Empresa"},"content":{"rendered":"\n<p class=\"has-large-font-size\"><strong>O CEAPE<\/strong><\/p>\n\n\n\n<p><\/p>\n\n\n\n<p><strong>O que \u00e9 o CEAPE?<\/strong><br>\u00c9 uma Organiza\u00e7\u00e3o da Sociedade Civil de Interesse P\u00fablico (OSCIP), reconhecida pelo Minist\u00e9rio da Justi\u00e7a e criada para apoiar financeiramente os micro empreendedores, prestando-lhes orienta\u00e7\u00e3o gerencial.<\/p>\n\n\n\n<p><\/p>\n\n\n\n<p><strong>O que faz?<\/strong><br>Faz empr\u00e9stimos para capital de giro, sem burocracia, liberando o dinheiro dentro de 48 horas, na maioria das vezes, e ainda orienta os clientes sobre a melhor maneira de conduzir seus neg\u00f3cios.<\/p>\n\n\n\n<p><\/p>\n\n\n\n<p><strong>Pra quem?<\/strong><br>Pessoas Jur\u00eddicas, MEI ou f\u00edsicas que fabricam ou comercializam bens ou servi\u00e7os.<br><strong>Fabricantes<\/strong>: Alimentos, roupas, cal\u00e7ados, produtos de limpeza, artesanatos, bijuterias, marcenarias, serralharias etc.<br><strong>Comerciantes<\/strong>: Alimentos, roupas, cal\u00e7ados, miudezas, utens\u00edlios etc.<br><strong>Prestadores de Servi\u00e7os<\/strong>: Oficinas de consertos em geral, borracharia, sal\u00e3o de beleza, estofarias, bares, restaurantes, etc.<\/p>\n\n\n\n<p><\/p>\n\n\n\n<p><strong>Documenta\u00e7\u00e3o necess\u00e1ria<\/strong><br>Xerox da Identidade, CPF e Comprovante de resid\u00eancia. Se possuir firma registrada, trazer a documenta\u00e7\u00e3o da mesma: CNPJ (CGC), Inscri\u00e7\u00e3o Estadual e Contrato Social.<\/p>\n\n\n\n<p><\/p>\n\n\n\n<p><strong>Quais s\u00e3o os prazos de pagamento?<\/strong><br>Os empr\u00e9stimos podem ser pagos em at\u00e9 120 dias, em quatro parcelas iguais, podendo ir at\u00e9 180 dias se o cliente j\u00e1 trabalha com o CEAPE h\u00e1 mais de um ano e fez todos os seus pagamentos em dia.<\/p>\n\n\n\n<p><\/p>\n\n\n\n<p><strong>O que \u00e9 preciso para ter o empr\u00e9stimo?<\/strong><br>Ser maior de 18 anos;<br>Estar trabalhando por conta pr\u00f3pria h\u00e1 mais de 6 (seis) meses;<br>N\u00e3o possuir restri\u00e7\u00f5es cadastrais.<\/p>\n","protected":false},"excerpt":{"rendered":"<p>O CEAPE O que \u00e9 o CEAPE?\u00c9 uma Organiza\u00e7\u00e3o da Sociedade Civil de Interesse P\u00fablico (OSCIP), reconhecida pelo Minist\u00e9rio da Justi\u00e7a e criada para apoiar financeiramente os micro empreendedores, prestando-lhes orienta\u00e7\u00e3o gerencial. O que faz?Faz empr\u00e9stimos para capital de giro, sem burocracia, liberando o dinheiro dentro de 48 horas, na maioria das vezes, e ainda [&hellip;]<\/p>\n","protected":false},"author":1,"featured_media":0,"parent":0,"menu_order":0,"comment_status":"closed","ping_status":"closed","template":"","meta":{"_monsterinsights_skip_tracking":false,"_monsterinsights_sitenote_active":false,"_monsterinsights_sitenote_note":"","_monsterinsights_sitenote_category":0,"footnotes":""},"class_list":["post-50","page","type-page","status-publish","hentry"],"_links":{"self":[{"href":"https:\/\/ceape-pe.org.br\/home\/wp-json\/wp\/v2\/pages\/50","targetHints":{"allow":["GET"]}}],"collection":[{"href":"https:\/\/ceape-pe.org.br\/home\/wp-json\/wp\/v2\/pages"}],"about":[{"href":"https:\/\/ceape-pe.org.br\/home\/wp-json\/wp\/v2\/types\/page"}],"author":[{"embeddable":true,"href":"https:\/\/ceape-pe.org.br\/home\/wp-json\/wp\/v2\/users\/1"}],"replies":[{"embeddable":true,"href":"https:\/\/ceape-pe.org.br\/home\/wp-json\/wp\/v2\/comments?post=50"}],"version-history":[{"count":3,"href":"https:\/\/ceape-pe.org.br\/home\/wp-json\/wp\/v2\/pages\/50\/revisions"}],"predecessor-version":[{"id":169,"href":"https:\/\/ceape-pe.org.br\/home\/wp-json\/wp\/v2\/pages\/50\/revisions\/169"}],"wp:attachment":[{"href":"https:\/\/ceape-pe.org.br\/home\/wp-json\/wp\/v2\/media?parent=50"}],"curies":[{"name":"wp","href":"https:\/\/api.w.org\/{rel}","templated":true}]}}