{"id":8,"date":"2021-04-29T01:22:14","date_gmt":"2021-04-29T04:22:14","guid":{"rendered":"http:\/\/localhost\/customers\/mmci\/ceape-pe\/wordpress\/?page_id=7"},"modified":"2021-04-29T01:22:14","modified_gmt":"2021-04-29T04:22:14","slug":"palavras-do-presidente","status":"publish","type":"page","link":"https:\/\/ceape-pe.org.br\/home\/palavras-do-presidente\/","title":{"rendered":"Palavras do Presidente do CEAPE PERNAMBUCO"},"content":{"rendered":"\n<p>Honra-me participar, h\u00e1 anos, do Conselho de Administra\u00e7\u00e3o do CEAPE. Por muito tempo, os micro e pequenos empreendedores informais n\u00e3o foram assistidos financeiramente pela rede banc\u00e1ria convencional. Foi nesse ambiente que um grupo de empres\u00e1rios, ligados ao com\u00e9rcio, decidiu pela cria\u00e7\u00e3o do CEAPE, com foco na supera\u00e7\u00e3o daquelas dificuldades que, \u00e0 \u00e9poca, pareciam intranspon\u00edveis. Ao longo dos 25 anos do CEAPE-PE, assisti momentos dif\u00edceis, mas tamb\u00e9m muitas conquistas e reconhecimentos nacionais e internacionais, vindos de lideran\u00e7as vinculadas \u00e0 ind\u00fastria do microcr\u00e9dito. Alegra-me ver o resultado da pesquisa feita pela Fecom\u00e9rcio \/ SEBRAE onde demonstra claramente o quanto o CEAPE, nos seus 25 anos , &nbsp;contribuiu para a promo\u00e7\u00e3o socioecon\u00f4mica dos seus clientes. &nbsp;Como Presidente, quero dar as m\u00e3os aos demais membros do Conselho Diretor, bem como, contar com o competente apoio de todo corpo funcional para continuarmos levando aos micro e pequenos empreendedores pernambucanos os recursos financeiros de que necessitam para desenvolver mais e mais seus neg\u00f3cios. &nbsp;<\/p>\n\n\n\n<p><strong>EDUARDO MELO CAT\u00c3O<\/strong><br><em>Presidente do Conselho de Administra\u00e7\u00e3o<\/em><\/p>\n","protected":false},"excerpt":{"rendered":"<p>Honra-me participar, h\u00e1 anos, do Conselho de Administra\u00e7\u00e3o do CEAPE. Por muito tempo, os micro e pequenos empreendedores informais n\u00e3o foram assistidos financeiramente pela rede banc\u00e1ria convencional. Foi nesse ambiente que um grupo de empres\u00e1rios, ligados ao com\u00e9rcio, decidiu pela cria\u00e7\u00e3o do CEAPE, com foco na supera\u00e7\u00e3o daquelas dificuldades que, \u00e0 \u00e9poca, pareciam intranspon\u00edveis. Ao [&hellip;]<\/p>\n","protected":false},"author":1,"featured_media":0,"parent":0,"menu_order":0,"comment_status":"closed","ping_status":"closed","template":"","meta":{"_monsterinsights_skip_tracking":false,"_monsterinsights_sitenote_active":false,"_monsterinsights_sitenote_note":"","_monsterinsights_sitenote_category":0,"footnotes":""},"class_list":["post-8","page","type-page","status-publish","hentry"],"_links":{"self":[{"href":"https:\/\/ceape-pe.org.br\/home\/wp-json\/wp\/v2\/pages\/8","targetHints":{"allow":["GET"]}}],"collection":[{"href":"https:\/\/ceape-pe.org.br\/home\/wp-json\/wp\/v2\/pages"}],"about":[{"href":"https:\/\/ceape-pe.org.br\/home\/wp-json\/wp\/v2\/types\/page"}],"author":[{"embeddable":true,"href":"https:\/\/ceape-pe.org.br\/home\/wp-json\/wp\/v2\/users\/1"}],"replies":[{"embeddable":true,"href":"https:\/\/ceape-pe.org.br\/home\/wp-json\/wp\/v2\/comments?post=8"}],"version-history":[{"count":0,"href":"https:\/\/ceape-pe.org.br\/home\/wp-json\/wp\/v2\/pages\/8\/revisions"}],"wp:attachment":[{"href":"https:\/\/ceape-pe.org.br\/home\/wp-json\/wp\/v2\/media?parent=8"}],"curies":[{"name":"wp","href":"https:\/\/api.w.org\/{rel}","templated":true}]}}